irst derivative of c**4/6 - 17*c**3/6 + 89*c**2 + 277. Let d(o) be the second derivative of b(o). Determine d(5).
3
Let v(a) be the first derivative of a**3/3 - 9*a**2 - 43*a - 1403. Give v(21).
20
Let x = 30234 - 30233. Let v(i) = 12*i**3 + 3*i**2 - 2*i. Give v(x).
13
Let a(n) = -n**3 - 7*n**2 + 1. Suppose 25*f - 17*f = 48. Let b be f*11/(-231) - (-94)/(-14). Give a(b).
1
Suppose -1 = -5*z - 21. Let b(u) = -5 + 10648*u**2 - u**3 - 238*u + 233*u - 10654*u**2. Give b(z).
-17
Let b(i) be the first derivative of 6*i**2 + 111*i + 3075. Give b(-9).
3
Let c(z) be the second derivative of -z**5/12 - 33*z**2 + 4*z + 12. Let m(k) be the first derivative of c(k). Determine m(-2).
-20
Let d(u) = 5*u. Let z(i) = -7*i - 24. Let m be z(-4). Let x be (-3)/18*m*-3. Calculate d(x).
10
Let y(x) = -37*x**2 - 6*x + 4 - 8*x**2 + 43*x**2 - 12. What is y(-2)?
-4
Let g(h) = 68*h**2 - 2*h + 1. Suppose -207*v + 205*v = -p - 7, v + 4*p + 19 = 0. Determine g(v).
67
Let l(t) = 7*t**3 - 4*t**2 - 14*t + 1. Let p(b) = -b**3 + b + 1. Let o(a) = l(a) + 6*p(a). Let s = -14 - -22. Suppose h - s = -3. What is o(h)?
-8
Let s(z) = z**3 + 6*z**2 + 7*z - 3. Let u(v) = v**3 + 6*v**2 + 8*v - 2. Let b(f) = -13*s(f) + 12*u(f). Determine b(-5).
-35
Let k(f) = 402 - 1560 - f + 392 + 394 + 396. What is k(-13)?
37
Let u = 148 + -140. Suppose -u*k = 30 + 2. Let q(s) = -2*s**2 - 4*s - 2. Give q(k).
-18
Let l(c) be the second derivative of 3/2*c**2 - 1/4*c**4 + 0 - 1/20*c**5 + 1/2*c**3 + 9*c. Let n = -527 - -524. Determine l(n).
-6
Let x(d) = -44*d + 336. Let o(u) = 4*u - 3. Let n(q) = -6*o(q) - x(q). Calculate n(16).
2
Suppose 43*o - 111*o - 1156 = 0. Let k(h) = 6*h + 70. What is k(o)?
-32
Let y be -601 + 599 - (10/4 - 1/2). Let w(x) = -8*x - 8. Determine w(y).
24
Let m(i) = -7*i + 10*i**3 - 2 + 12*i**2 + 0*i + 7*i - 11*i**2. What is m(-1)?
-11
Let u(l) = -14 - 2*l**3 - 3*l + 7 + 0*l**3 - l**2 - 3 + 7. Suppose -6*f = -5 + 17. What is u(f)?
15
Let b(u) = -83 + u + 76 + 11*u. Give b(4).
41
Let b(v) be the first derivative of v**3/3 + 9*v**2/2 + 3*v - 1323. Determine b(-5).
-17
Let c(m) be the second derivative of m**6/360 + 3*m**5/40 + m**4/4 - 94*m**3/3 - 120*m. Let x(i) be the second derivative of c(i). What is x(-8)?
-2
Suppose 0 = -t + 63*a - 59*a + 13, -5*a = -3*t + 18. Suppose -3*z = 1 - 7. Let h(l) = l**2 - l**2 + 0*l**z + 7*l**3 - l**2 + l. Determine h(t).
7
Suppose 953 + 28197 = 2*w. Let u(d) = -2*d**3 - 14577*d**2 + w*d**2 + 2 + d**3 - 2*d. Give u(-2).
6
Let x(y) = -4*y + 3. Suppose 8080 = 9*a - 1046. Let r = -1012 + a. What is x(r)?
-5
Let d be (27/21)/((-270)/1575) - (-2)/(-4). Let l(x) = -5*x - 32. What is l(d)?
8
Let a = 3612 + -2420. Let z(g) = -a*g + 10 + 1193*g + 0. Determine z(-12).
-2
Let s(q) = -61*q - 8168. Let n be s(-134). Let k(t) = -t**3 + 4*t**2 + 6*t + 10. Calculate k(n).
-26
Suppose 0 = s + 4*r + 10, 7*s - 5*s + 2*r = 4. Suppose 0 = s*t + 4*t + 70. Let c(u) = -u**3 - 7*u**2 + 3*u - 7. What is c(t)?
-28
Let l(r) = -3*r**2 - 34*r + 46. Let m(s) = -s**2 - 15*s + 1. Let j(x) = l(x) - 4*m(x). What is j(-24)?
-6
Suppose -35*d + 41*d = 54. Let l be 2 + 21/d + (-17)/51. Let o(j) = j**2 - 5*j - 4. Give o(l).
-8
Let n(a) = a**3 - 6*a**2 - 3*a + 3. Let k(x) = -x**3 + 5*x**2 + 94*x - 531. Let u be k(6). What is n(u)?
-69
Let l(f) = f**2 - 16*f + 31. Let i = -5631 - -5645. Give l(i).
3
Let x(q) = q - 5. Let z be (2/10 + -1)/((-12)/180). Suppose 4*r = z, -3*y + 0*r = -3*r + 81. Let m be ((-8)/y)/(2/30). Determine x(m).
0
Let f = 19777 + -19790. Let b(h) = 4*h**2 + 51*h - 28. Give b(f).
-15
Let w be (-2)/(-4*(-3)/42). Let a(m) = 26*m - 24. Let o be a(5). Let z(v) = -o - 6*v**2 + 103 + 2*v - 25*v**3 + 24*v**3 + 4*v. Calculate z(w).
4
Suppose 56*t + 97 = 2*t - 227. Let a(y) = y**3 + 9*y**2 + 19*y - 6. Determine a(t).
-12
Let w(f) = -f**2 + f + 2. Let k be 2 + -3 + 2 - (-9)/1. Suppose -k*v - 20 + 120 = 0. Suppose 0 = 5*g + v*g - 3*g. Calculate w(g).
2
Let z(u) = -2*u**2 - 2*u + 4. Let n(w) = w**2 + 2*w - 3. Let k(b) = 3*n(b) + z(b). Suppose -4*i = -3*o + 5*o + 28, 13 = -i - 2*o. Calculate k(i).
0
Suppose h + 3*h = 2*r - 72, -3*r = -4*h - 100. Suppose r = -13*m + 20*m. Let j(y) = y. Determine j(m).
4
Suppose 5*x + 39 = 2*x. Let z = 15 + x. Let q(n) = -11*n**2 + 7*n - 3 - 3 - 2*n + n**3 + 17*n**z. Determine q(-5).
-6
Let u(d) = d**2 + 2*d - 6. Suppose 26*x = -3*v + 27*x - 13, -v + 1 = x. Give u(v).
-3
Let n(k) be the second derivative of -k**6/120 - 7*k**5/60 - k**4/3 - 7*k**3/6 + 60*k**2 + k - 159. Let t(j) be the first derivative of n(j). Determine t(-6).
5
Let r(k) = -7*k - 3. Let s be (-53 + 45)/((-4)/18). Let d be s/10 - (-4 - (-92)/20). Give r(d).
-24
Let v = 7747 + -7747. Let z(c) be the second derivative of -1/12*c**4 + 1/6*c**3 + v + 15*c + 3/2*c**2. Determine z(4).
-9
Let o(v) be the second derivative of 0 + 4*v**2 + 1/3*v**3 + 4*v. Let j be (-315)/(-210) - (-17)/(-2). Calculate o(j).
-6
Let u(y) be the second derivative of 7*y**3/3 + 3*y. Let p be ((-2)/(0 - 4))/(3080/(-80) + 38). Give u(p).
-14
Let m(z) = -z**2 - 91*z - 1640. Let s be m(-25). Let k(n) = n**2 - 6*n - 38. Calculate k(s).
2
Let p be (-1)/48*-12*(6 - 6). Let u(v) = 8*v - 40. Determine u(p).
-40
Let r be 17/(5 - (-164)/(-32)). Let h = -135 - r. Suppose 3*y - o + h = 0, 3*o - 2 = -4*y + o. Let s(q) = q**2 + q + 33. Give s(y).
33
Let p(a) be the first derivative of a + 0*a**2 - 13/4*a**4 + 0*a**3 + 228. Give p(-1).
14
Let l(j) = j**3 + 6*j**2 - 46*j - 239. Let p be l(-5). Let i(h) = -h**3 + 17*h**2 - 14*h - 33. Give i(p).
-1
Let d(f) = -2*f - 1. Let y be (20/(-12))/((-16)/48). Let a = 62 - 34. Suppose -y*w = a - 3. Give d(w).
9
Let y(m) = m**3 - 2*m**2 + 4*m - 4. Let f = 18 + -19. Let u be -1 + -1 + f + 66 + 3. Let g = -63 + u. What is y(g)?
17
Let h be (4/20)/((-2)/10). Let y(b) = 13*b**3 + 2*b + 3. Let l be y(h). Let o(r) = r + 14. Give o(l).
2
Let s(d) be the third derivative of -d**6/720 + d**5/10 + d**4/8 - d**3 + 2*d**2 + 6*d. Let b(g) be the second derivative of s(g). Give b(5).
7
Let d(o) = o**2 - o - 1972. Let j be d(45). Let r(m) be the second derivative of -3*m + 0*m**2 - 1/6*m**3 + 0. Give r(j).
-8
Let z(f) = -4*f**2 - 6*f - 3. Let s(k) = -3*k**2 + 494 - 492 + 6*k**2 + 5*k. Let m(j) = 3*s(j) + 2*z(j). Determine m(-2).
-2
Suppose 17736*b = 17719*b - 68. Let s(j) = -18*j - 16. What is s(b)?
56
Let y(c) = -4*c**3 - 14*c**2 + 5*c + 10. Let t(a) = 13*a**3 + 43*a**2 - 17*a - 28. Let x(p) = -3*t(p) - 10*y(p). Give x(-11).
-27
Let t(s) = s**2 + 2*s + 2. Let q = 156 + -154. Let u(j) = j**2 - 4*j + 1. Let d be u(q). Calculate t(d).
5
Let b(c) = c - 7. Let s(y) = 4*y - 16. Let q(n) = 12*b(n) - 5*s(n). Give q(-4).
28
Let r(g) = -g**3 + 2*g**2 + 9*g + 12. Let v be r(3). Suppose 0 = -17*t - 21 - v. Let b(m) = -9*m + 2. What is b(t)?
29
Let p be (-2)/1*(-6 + (3 - 284/(-96))). Let v(r) be the second derivative of -1/6*r**3 + 0 + p*r**4 - 1/2*r**2 - 12*r. Determine v(0).
-1
Let b be (0/(-13))/(-3 - -4). Let t(g) = g**3 + 2*g**2 - 1. Calculate t(b).
-1
Let z = -60 - -102. Let f be (-18)/(-5) + z/(-70) - -43. Let a = f + -52. Let w(c) = c + 5. Give w(a).
-1
Let s(g) = -g**3 - 17*g**2 - 27*g - 52. Let f be s(-16). Let b be f/(-93) - 46/6. Let m(d) = -d**3 - 10*d**2 - 11*d + 1. Determine m(b).
19
Let m(v) = v**3 - 10*v**2 + 5*v + 8. Suppose 34 = 3*h + 22. Suppose h*p + 65 = 5*l, p = l - 18 + 4. Give m(l).
-28
Let v(s) = -29*s - 117. Suppose -26*a - 268 = 60*a - 19*a. Calculate v(a).
-1
Let i(b) = 3*b**2 + 50*b - 199. Let g(o) = 2*o**2 + 25*o - 99. Let y(w) = -5*g(w) + 3*i(w). Calculate y(19).
12
Suppose -229*l = -174*l - 330. Let v(q) = 60*q - 363. Give v(l).
-3
Suppose 0 = 3*a - 6. Suppose 0 = -2*q - 2 - a. Let p(z) be the third derivative of z**5/60 + z**4/6 + z**3/3 + 6*z**2. Give p(q).
-2
Let g(n) be the second derivative of -n**3 + n**2/2 - 2*n. Let x(b) = -5*b + 1. Suppose -3*c = -19 + 10, 4*c - 9 = -d. Let z(q) = d*x(q) + 2*g(q). What is z(3)?
8
Let j(v) = v**3 - 7*v**2 + 3. Suppose 17*q - 18*q + 2 = 0. Suppose -2*z + 20 = q*z. Suppose u - z - 12 = -2*b, 0 = 4*u + 4*b - 48. Give j(u).
3
Let t be 1 - ((-9)/3 + -19). Let f(b) = t + 17*b + 19*b - 3*b. Let n(x) = 11*x + 8. Let r(l) = 6*f(l) - 17*n(l). Determine r(-2).
-20
Suppose 6*h = 2*h. Let t(i) = -52*i - 7. Let u(b) = -745*b - 101. Let y(o) = -86*t(o) + 6*u(o). 